e 2) to base 3
-221
Convert 32 (base 8) to base 5.
101
What is 6 (base 15) in base 8?
6
Convert 11 (base 2) to base 3.
10
Convert 11 (base 5) to base 12.
6
Convert 100000 (base 2) to base 16.
20
Convert -1010011 (base 2) to base 14.
-5d
What is 211 (base 5) in base 13?
44
What is -23 (base 15) in base 9?
-36
Convert -132 (base 7) to base 10.
-72
2 (base 9) to base 13
2
12 (base 8) to base 5
20
Convert -6 (base 12) to base 5.
-11
91 (base 12) to base 5
414
Convert 21 (base 3) to base 16.
7
What is 12 (base 3) in base 4?
11
What is 23 (base 7) in base 6?
25
Convert 10 (base 9) to base 7.
12
2 (base 9) to base 2
10
-34 (base 5) to base 12
-17
d (base 15) to base 2
1101
What is 22 (base 3) in base 11?
8
Convert 16 (base 7) to base 5.
23
-11 (base 2) to base 12
-3
What is 312 (base 8) in base 4?
3022
What is 26 (base 16) in base 2?
100110
50 (base 7) to base 5
120
What is -5 (base 13) in base 15?
-5
113 (base 4) to base 8
27
-a3 (base 11) to base 4
-1301
-1 (base 11) to base 13
-1
What is 0 (base 15) in base 9?
0
Convert 10100 (base 2) to base 5.
40
0 (base 4) to base 15
0
What is 1 (base 14) in base 3?
1
What is 1b (base 12) in base 6?
35
What is 0 (base 9) in base 14?
0
-1 (base 14) to base 4
-1
What is -3 (base 12) in base 6?
-3
What is -203 (base 7) in base 3?
-10202
-17 (base 9) to base 13
-13
What is 1 (base 15) in base 8?
1
What is 14 (base 5) in base 10?
9
What is 3 (base 7) in base 11?
3
-2a2 (base 11) to base 16
-162
15 (base 11) to base 13
13
1040 (base 5) to base 11
122
-19 (base 12) to base 9
-23
Convert 21 (base 7) to base 13.
12
Convert -17 (base 14) to base 5.
-41
8 (base 10) to base 16
8
What is 300 (base 8) in base 9?
233
Convert 0 (base 8) to base 9.
0
What is 62 (base 14) in base 15?
5b
-6 (base 9) to base 6
-10
Convert -2 (base 9) to base 12.
-2
Convert 14 (base 16) to base 15.
15
Convert 88 (base 10) to base 9.
107
Convert -53 (base 6) to base 7.
-45
Convert 11101 (base 2) to base 4.
131
What is -124 (base 14) in base 6?
-1020
What is 8 (base 15) in base 6?
12
What is a (base 16) in base 14?
a
What is 4 (base 16) in base 6?
4
-265 (base 8) to base 15
-c1
-424 (base 5) to base 8
-162
22 (base 8) to base 7
24
What is -39 (base 12) in base 7?
-63
What is 0 (base 16) in base 2?
0
What is -4 (base 11) in base 13?
-4
1344 (base 5) to base 12
168
Convert 1 (base 9) to base 11.
1
Convert 10122 (base 4) to base 14.
162
What is -205 (base 7) in base 14?
-75
What is -2 (base 6) in base 16?
-2
Convert a (base 13) to base 4.
22
What is -1 (base 13) in base 8?
-1
Convert -3 (base 11) to base 8.
-3
What is 331 (base 5) in base 12?
77
What is 233 (base 7) in base 12?
a2
Convert -145 (base 12) to base 11.
-16a
2 (base 7) to base 16
2
200 (base 3) to base 16
12
What is 1 (base 11) in base 6?
1
What is 130 (base 4) in base 7?
40
10011 (base 2) to base 7
25
Convert -11 (base 4) to base 13.
-5
-7 (base 12) to base 6
-11
Convert 12 (base 12) to base 16.
e
75 (base 11) to base 6
214
Convert 2 (base 4) to base 7.
2
What is -2 (base 13) in base 14?
-2
Convert 31 (base 16) to base 6.
121
What is -35 (base 15) in base 11?
-46
-3 (base 6) to base 2
-11
Convert 122 (base 4) to base 8.
32
-6 (base 7) to base 5
-11
What is -10 (base 9) in base 15?
-9
Convert 116 (base 15) to base 2.
11110110
What is 10010110 (base 2) in base 8?
226
Convert 11 (base 2) to base 16.
3
43 (base 5) to base 9
25
Convert -20 (base 4) to base 12.
-8
1100 (base 2) to base 14
c
1 (base 14) to base 9
1
-1 (base 14) to base 7
-1
Convert 13 (base 7) to base 13.
a
Convert -2 (base 3) to base 4.
-2
What is 11 (base 4) in base 13?
5
3002 (base 4) to base 8
302
-110 (base 8) to base 5
-242
101 (base 3) to base 5
20
-111100 (base 2) to base 11
-55
Convert -202 (base 3) to base 12.
-18
-10 (base 5) to base 12
-5
Convert 12 (base 3) to base 12.
5
What is 206 (base 8) in base 7?
251
Convert -12 (base 11) to base 2.
-1101
Convert -4 (base 11) to base 9.
-4
-1 (base 2) to base 4
-1
What is 23 (base 7) in base 4?
101
Convert 3 (base 6) to base 8.
3
Convert 104 (base 7) to base 14.
3b
What is -e (base 16) in base 2?
-1110
What is -3 (base 7) in base 16?
-3
Convert -32 (base 8) to base 16.
-1a
Convert 3 (base 10) to base 16.
3
Convert -10 (base 2) to base 9.
-2
-7 (base 13) to base 6
-11
-10000101 (base 2) to base 13
-a3
What is 8 (base 11) in base 8?
10
-11101 (base 2) to base 14
-21
Convert 0 (base 2) to base 5.
0
Convert 4 (base 14) to base 15.
4
-11 (base 8) to base 5
-14
What is 47 (base 14) in base 2?
111111
38 (base 14) to base 3
1212
10010 (base 2) to base 13
15
-11 (base 8) to base 9
-10
a (base 13) to base 5
20
232 (base 5) to base 10
67
What is -114 (base 6) in base 16?
-2e
5 (base 12) to base 5
10
-141 (base 9) to base 2
-1110110
What is -51 (base 7) in base 5?
-121
Convert 13 (base 13) to base 2.
10000
What is -1 (base 2) in base 11?
-1
d (base 16) to base 2
1101
What is 0 (base 10) in base 5?
0
-3e (base 16) to base 11
-57
What is 1213 (base 4) in base 14?
75
Convert -10 (base 14) to base 3.
-112
Convert 1313 (base 4) to base 9.
142
What is -13 (base 6) in base 16?
-9
What is -1 (base 4) in base 13?
-1
What is 193 (base 15) in base 14?
1bd
-111 (base 2) to base 11
-7
What is -13 (base 11) in base 8?
-16
What is 0 (base 6) in base 9?
0
Convert -bc (base 15) to base 7.
-342
What is -4e (base 15) in base 6?
-202
-10011 (base 3) to base 13
-67
-125 (base 10) to base 3
-11122
-41 (base 5) to base 6
-33
What is -10 (base 13) in base 3?
-111
What is 2 (base 5) in base 6?
2
What is -3 (base 7) in base 16?
-3
4 (base 5) to base 13
4
Convert -44 (base 5) to base 7.
-33
Convert -2 (base 14) to base 6.
-2
0 (base 12) to base 11
0
What is -3 (base 11) in base 2?
-11
-2 (base 6) to base 2
-10
What is 102 (base 4) in base 12?
16
93 (base 10) to base 6
233
-10 (base 14) to base 4
-32
-30 (base 8) to base 2
-11000
-14 (base 5) to base 16
-9
-4 (base 13) to base 2
-100
16 (base 10) to base 5
31
Convert 23 (base 7) to base 2.
10001
What is 1310 (base 4) in base 14?
84
What is 30 (base 6) in base 16?
12
What is 0 (base 14) in base 9?
0
What is -10 (base 13) in base 10?
-13
Convert 63 (base 8) to base 9.
56
-7 (base 15) to base 4
-13
-3 (base 12) to base 8
-3
-100100 (base 2) to base 13
-2a
-11 (base 10) to base 5
-21
What is -2 (base 3) in base 11?
-2
What is -1 (base 9) in base 8?
-1
Convert 23 (base 4) to base 12.
b
Convert 612 (base 7) to base 13.
1a4
3 (base 12) to base 16
3
Convert -2 (base 13) to base 7.
-2
1e (base 16) to base 13
24
Convert 10000 (base 2) to base 6.
24
Convert -241 (base 5) to base 11.
-65
Convert -2 (base 9) to base 16.
-2
2 (base 9) to base 8
2
265 (base 7) to base 12
101
-161 (base 9) to base 7
-253
What is -12 (base 6) in base 9?
-8
What is 56 (base 10) in base 14?
40
What is -1001 (base 2) in base 14?
-9
Convert 7 (base 8) to base 14.
7
-17 (base 9) to base 11
-15
What is 4 (base 15) in base 8?
4
Convert 2 (base 8) to base 10.
2
What is 10110 (base 2) in base 4?
112
What is 8 (base 9) in base 14?
8
-48 (base 10) to base 2
-110000
-3d (base 16) to base 13
-49
What is 2 (base 7) in base 8?
2
What is 2 (base 16) in base 10?
2
Convert 10 (base 5) to base 3.
12
What is -2 (base 10) in base 11?
-2
Convert -56 (base 13) to base 12.
-5b
Convert -6 (base 13) to base 14.
-6
1 (base 13) to base 5
1
What is 31 (base 10) in base 2?
11111
Convert -30 (base 7) to base 11.
-1a
What is -92 (base 15) in base 12?
-b5
Convert 131 (base 7) to base 13.
56
-1 (base 11) to base 15
-1
What is 4 (base 10) in base 4?
10
-423 (base 5) to base 10
-113
Convert -11 (base 11) to base 10.
-12
24 (base 7) to base 15
13
5 (base 14) to base 5
10
Convert c2 (base 14) to base 9.
208
-2 (base 4) to base 9
-2
-68 (base 13) to base 7
-152
What is -2 (base 11) in base 14?
-2
100 (base 2) to base 3
11
Convert -12 (base 4) to base 2.
-110
Convert -4 (base 11) to base 10.
-4
Convert 1 (base 8) to base 16.
1
Convert 101001 (base 2) to base 12.
35
Convert -64 (base 10) to base 12.
-54
What is 2132 (base 4) in base 16?
9e
Convert 14 (base 9) to base 13.
10
4 (base 7) to base 6
4
What is 2220 (base 3) in base 13?
60
205 (base 10) to base 4
3031
What is -13 (base 8) in base 5?
-21
Convert -88 (base 14) to base 8.
-170
11 (base 12) to base 4
31
What is 155 (base 6) in base 5?
241
1 (base 6) to base 13
1
What is -221 (base